n divisor of y and 50?
2
Let f be -21*(-1)/12*1*4. Suppose 47 = 3*b - f. Let r be ((-56)/10)/(8/(-180)). Calculate the greatest common divisor of b and r.
18
Suppose 2*l + 5*g + 40 = 4*l, -g = -l + 23. Let y be 239/10 + l/250. Calculate the greatest common divisor of y and 32.
8
Suppose y - 3 - 12 = 5*v, -4*v + 4 = 0. Calculate the highest common factor of y and 2470.
10
Let p be 0 - 6/4 - 404/(-8). Let z = p - 39. Let x(u) = u**2 + 12*u + 16. Let a be x(-11). Calculate the greatest common factor of a and z.
5
Let t = 6808 - 6798. Calculate the highest common divisor of 3 and t.
1
Let g be -16 + (3/6 - (-36)/8). Let x(w) = -w**3 - 11*w**2 + 3*w + 41. Let n be x(g). What is the greatest common divisor of n and 104?
8
Let u = -262 - -185. Let y = u - -138. Let z be y/2 - 5/(-10). Calculate the greatest common divisor of 217 and z.
31
Let h(z) = -z**2 - 10*z + 6. Let i be h(-9). Let v be 8/1*(470/4)/5. Suppose 6*r - v = 82. Calculate the greatest common factor of r and i.
15
Suppose 8*k - 15276 = -6*k + 2*k. What is the greatest common divisor of k and 57?
19
Let s(c) = c**2 - 51*c + 1173. Let k be s(48). What is the highest common divisor of k and 42?
21
Let v = 69 - 48. Suppose -2*w - 9 = -3, 3*w = 4*o - 61. Let k be (-1094)/o*-1 + (-56)/364. Calculate the greatest common factor of k and v.
21
Suppose -5*g - 221 = -6*c, 57*g = -c + 54*g + 33. Let r = 36 + 24. Calculate the highest common factor of c and r.
12
Let f = 1068 + -102. Suppose 18*s + f = 25*s. Calculate the greatest common divisor of s and 46.
46
Let j = -3231 - -3820. Calculate the highest common divisor of 19 and j.
19
Suppose 688*x = 586*x + 13668. Calculate the highest common factor of 1809 and x.
67
Suppose -8*r - 139 = -243. Let i(s) = s**3 - 6*s**2 + 7*s - 1. Let w be i(5). Let k be (-388)/(-6) - (-3)/w. What is the highest common factor of k and r?
13
Let g = 395 + -347. Let a = g - -38. Suppose -76 = -2*w - o + 13, -157 = -4*w + 5*o. Calculate the greatest common factor of a and w.
43
Let m = -11105 - -11188. Calculate the greatest common factor of 23987 and m.
83
Let k = 125 + -365. Let o = k + 248. What is the greatest common divisor of o and 68?
4
Let o be 2/(34/24 + (-3)/4). Let g(y) = 215*y - 60. Let u be g(o). Calculate the greatest common factor of 15 and u.
15
Let r(q) = -q**3 - 17*q**2 - 22*q - 81. Let f be r(-16). Let l be (3/6*0)/(-2). Let w be (l + -3)*-1 - -162. Calculate the greatest common divisor of w and f.
15
Let u = -9261 + 10978. What is the greatest common factor of 17 and u?
17
Let m be 20/(-6)*(-6)/4. Suppose -3*g + 86 = m*o, 0 = g + o - 6*o - 2. What is the highest common divisor of g and 22?
22
Suppose -4 - 8 = -3*p. Let q = -121667 + 121675. Calculate the highest common factor of q and p.
4
Let u = -3653 + 3655. Calculate the greatest common factor of 1956 and u.
2
Let j(h) = -82*h**3 + 2*h**2 - 10*h - 10. Let y be j(-1). Let t = 27 + -68. Let q = -17 - t. What is the greatest common divisor of y and q?
12
Let p(d) = d**3 + 16*d**2 - 22*d - 5. Let i be p(-9). Suppose -i = -11*l + 131. Calculate the greatest common factor of 27 and l.
27
Let q = 3299 - 2979. What is the greatest common divisor of q and 3008?
64
Suppose -8*d = 2*d - 144 + 4. Calculate the greatest common factor of 218 and d.
2
Let j be 24 + -22 - (2 + 0). Suppose 2*b = 4*t - 7*t, 4*t - 5*b = j. Suppose -4*q - i + 635 = q, t = 5*i - 25. Calculate the greatest common factor of 18 and q.
18
Let u = 995 - 760. Calculate the highest common divisor of u and 329.
47
Let j be (-3 + 1)/(-1 - -3)*-2. Let c(n) = 2*n + 0*n**2 + n**2 + 13 + 4*n - 3. Let t be c(-4). Calculate the highest common factor of t and j.
2
Let n be (124/(-6))/((-36)/(-432)). Let z = 568 + n. What is the greatest common factor of z and 256?
64
Suppose 3*l + 3*z = -z + 105, -4*l + 141 = 5*z. Let q = l + -37. Suppose -q*u + 0*u + 2 = 0. What is the greatest common factor of u and 3?
1
Let o(v) = -281*v + 1972. Let q be o(7). What is the highest common factor of 135 and q?
5
Suppose 4*z = 9*t - 7*t + 364, -4*t = z - 82. Let y(m) = -40*m + 14. Let l be y(-1). What is the highest common factor of l and z?
18
Suppose -19*h + 17*h = -104. Let t = h - 50. What is the greatest common divisor of 6 and t?
2
Let m be 12096/(-1056)*11/(-3). Calculate the highest common factor of 2532 and m.
6
Let d = 3 + -50. Let x = -47 - d. Suppose -u + 3 = 5, x = 2*g + 2*u - 42. What is the greatest common divisor of g and 161?
23
Suppose -593*u = -634*u + 34276. What is the greatest common divisor of 14003 and u?
209
Suppose 3*o = -2*f - 45, -o - 7 = -0*f - 2*f. Let p(b) = 2*b**3 + 24*b**2 - 27*b - 9. Let z be p(o). Calculate the greatest common divisor of 2 and z.
2
Let r(s) = 3*s**2 - 6*s - 7. Let z be r(6). Suppose v - z = -4*x + 4, -4*v + 20 = 0. Calculate the greatest common divisor of x and 36.
4
Suppose -4*q = -36 + 16. What is the greatest common factor of q and 27?
1
Let a = 117 - 75. Suppose 141*b + 3*k = 146*b - 1167, 4*k - 677 = -3*b. Calculate the highest common divisor of a and b.
21
Suppose 3*c + 2*j + 4 + 0 = 0, 0 = -c - 4*j - 18. Suppose -19 = c*p - 21. Let t be (p*6)/((-14)/(-84)). What is the greatest common factor of 24 and t?
12
Let s(j) = -225*j + 2029. Let x be s(9). What is the greatest common factor of x and 83?
1
Let j be 1236/44 - -1 - (-11)/(-121). Calculate the highest common factor of j and 2668.
29
Suppose 0 = -4*x - 5 + 9. Let y be x*(-4 - -3)*-902. What is the highest common divisor of 22 and y?
22
Suppose p - 16*p - 581 = -4556. Calculate the greatest common divisor of 2438 and p.
53
Let s = 294 - 273. Suppose o - s = -3*y + 24, 180 = 4*o - 5*y. What is the greatest common divisor of 720 and o?
45
Suppose 0 = 3*q - 2*c - 40, -2*q + 2*c - 2 = -32. Suppose a - 215 = 55. Calculate the greatest common factor of q and a.
10
Suppose 5*s - 2*d = 30, 7*d = 2*d. Let b = -1803 - -1947. Calculate the highest common factor of s and b.
6
Let p = -13656 + 14995. Calculate the highest common divisor of p and 618.
103
Let h = -35422 - -35424. Suppose 3*m - 5*k + 45 + 11 = 0, -4*m = k + 67. Let f be (-2)/(-1 + 3) - m. Calculate the highest common divisor of h and f.
2
Let z be (1 + (-662)/6)/(124/(-186)). What is the highest common factor of z and 17876?
164
Suppose 2*x = 7*x - 360. Let n(f) = -f**2 + 31*f - 48. Let q be n(29). Suppose 2 = -c - 5*y, 4*c + y = 5*c - q. What is the highest common divisor of x and c?
8
Suppose -588 = 5*w - 13*w + 532. What is the highest common divisor of 196 and w?
28
Suppose 38*z - 6575204 = -199*z + 932482. What is the greatest common factor of z and 94?
94
Let s be (9 - 7*(-56)/16)/((-1)/(-2)). Calculate the highest common factor of s and 10184.
67
Let f be 4 + 0 + (-3 - -2). Let n(p) = -5*p - 84. Let x be n(-17). Calculate the greatest common divisor of f and x.
1
Let x be -7 + 1 + -7 + 39. Suppose g = x*g - 4025. Calculate the highest common factor of g and 92.
23
Let s be (-17 - 4)*(-1012)/207*6/4. What is the greatest common divisor of s and 616?
154
Suppose -8*v + v + 2*v = 0. Suppose v = 2*b - 5*o - 43, -5*b - 5*o + 10 = -10. What is the highest common factor of 15 and b?
3
Let n(y) = 4*y**3 - y**2 - 3. Let m be n(2). Suppose -20*z = -m*z + 10. Calculate the greatest common factor of 1 and z.
1
Let d(n) = -154*n - 1246. Let s be d(-10). Calculate the highest common factor of 420 and s.
42
Let u = 88 - 60. Let y(v) = -2*v**2 - 48*v + 116. Let l be y(-26). Suppose l*g - u = 128. What is the highest common factor of g and 13?
13
Let j(v) = v**3 + 4*v**2 - 32*v + 10. Let h = 5 - 13. Let m be j(h). What is the greatest common divisor of 330 and m?
10
Let t(c) = 90*c - 3929. Let p be t(47). What is the greatest common divisor of 1333 and p?
43
Let v(h) = h**3 - 2*h**2 + 42*h - 124. Let x be v(6). Calculate the highest common divisor of x and 200.
8
Let i be (1/3 - (18 - (-5282)/(-57))) + -3. What is the highest common divisor of i and 1464?
24
Suppose -5*o = -9*o - 5*f + 33, -26 = -3*o - 5*f. Suppose 0 = n + 2*v + v - 40, 2*n + v - 95 = 0. Calculate the greatest common factor of n and o.
7
Let q(z) = z**2 - 18*z - 230. Let s be q(28). Calculate the greatest common factor of s and 620.
10
Suppose -4*l - 4*q - 788 = 0, -2*l - 222 = 5*q + 187. Let s = 316 + l. Calculate the greatest common factor